he prime factors of 92264387?
113, 816499
List the prime factors of 194564042.
2, 2221, 43801
List the prime factors of 29603229.
3, 29, 340267
List the prime factors of 71398262.
2, 13, 157, 17491
List the prime factors of 36239890.
2, 5, 199, 18211
What are the prime factors of 2450436322?
2, 1225218161
What are the prime factors of 1335098745?
3, 5, 19, 1561519
List the prime factors of 238406911.
79, 3017809
List the prime factors of 142181559.
3, 13, 93479
List the prime factors of 1920176519.
137, 14015887
What are the prime factors of 2448059122?
2, 109, 11229629
What are the prime factors of 482791606?
2, 11, 21945073
What are the prime factors of 1273375404?
2, 3, 7, 23, 79, 103
What are the prime factors of 386674109?
386674109
List the prime factors of 1557517695.
3, 5, 59, 457, 3851
List the prime factors of 1063381318.
2, 97, 433, 12659
List the prime factors of 327578918.
2, 89, 1840331
What are the prime factors of 251910012?
2, 3, 17, 1234853
What are the prime factors of 50461565?
5, 7, 11, 53, 2473
What are the prime factors of 62883608?
2, 7860451
What are the prime factors of 148104668?
2, 37026167
List the prime factors of 424744182.
2, 3, 97, 131, 619
List the prime factors of 53984732.
2, 223, 60521
What are the prime factors of 2930344034?
2, 29, 701, 72073
List the prime factors of 239577502.
2, 6659, 17989
List the prime factors of 800319849.
3, 7, 79, 467, 1033
What are the prime factors of 361976864?
2, 41, 275897
What are the prime factors of 8006755324?
2, 61, 367, 89413
List the prime factors of 17313691.
61, 283831
What are the prime factors of 2643670721?
107, 24707203
What are the prime factors of 45983419?
17, 2704907
What are the prime factors of 133976560?
2, 5, 211, 7937
List the prime factors of 60898665.
3, 5, 1213, 3347
What are the prime factors of 84187007?
84187007
List the prime factors of 107560897.
107560897
What are the prime factors of 46503262?
2, 13, 17, 105211
What are the prime factors of 173184222?
2, 3, 28864037
List the prime factors of 11147465.
5, 7, 73, 4363
List the prime factors of 1273114.
2, 19, 33503
List the prime factors of 894204531.
3, 11, 29, 59, 5279
List the prime factors of 259250175.
3, 5, 41, 157, 179
List the prime factors of 288049196.
2, 19, 3790121
List the prime factors of 7541522.
2, 3770761
List the prime factors of 5523646398.
2, 3, 920607733
What are the prime factors of 701472538?
2, 13, 23, 1039, 1129
List the prime factors of 65650431.
3, 7, 11, 284201
List the prime factors of 384024158.
2, 7, 61, 449677
What are the prime factors of 750091703?
5431, 138113
What are the prime factors of 90013382?
2, 349, 128959
List the prime factors of 169429933.
43, 3940231
List the prime factors of 2808432360.
2, 3, 5, 47, 165983
What are the prime factors of 194722741?
194722741
What are the prime factors of 7690262?
2, 929, 4139
List the prime factors of 1064288806.
2, 7, 29, 139, 18859
What are the prime factors of 524897774?
2, 601, 436687
What are the prime factors of 229975901?
269, 854929
List the prime factors of 97453872.
2, 3, 676763
What are the prime factors of 2768721644?
2, 13, 109, 193, 2531
List the prime factors of 965562983.
7, 11, 31, 57787
List the prime factors of 344367404.
2, 67, 439, 2927
What are the prime factors of 182237740?
2, 5, 19, 23, 29, 719
What are the prime factors of 44593689?
3, 7, 839, 2531
List the prime factors of 26590626.
2, 3, 47, 10477
List the prime factors of 152484866.
2, 17, 4484849
List the prime factors of 2762842265.
5, 59, 337, 27791
List the prime factors of 35455446.
2, 3, 13, 277, 547
What are the prime factors of 29156797?
59, 331, 1493
List the prime factors of 16402349.
71, 231019
List the prime factors of 392545813.
11, 541, 65963
What are the prime factors of 968148396?
2, 3, 8964337
What are the prime factors of 236229306?
2, 3, 39371551
List the prime factors of 988218000.
2, 3, 5, 7, 11, 23, 31
List the prime factors of 1062784901.
1087, 977723
List the prime factors of 94828355.
5, 1951, 9721
List the prime factors of 12385155.
3, 5, 23, 35899
What are the prime factors of 2196937523?
11, 17, 281, 41809
List the prime factors of 8248424.
2, 1031053
List the prime factors of 298528592.
2, 23, 157, 5167
List the prime factors of 51852342.
2, 3, 8642057
What are the prime factors of 93039415?
5, 7, 937, 2837
What are the prime factors of 152260964?
2, 31, 1227911
What are the prime factors of 78219406?
2, 37, 1057019
What are the prime factors of 28964995?
5, 521, 11119
What are the prime factors of 873541239?
3, 16519, 17627
What are the prime factors of 210850977?
3, 47, 307, 4871
List the prime factors of 1237641682.
2, 227, 1361, 2003
What are the prime factors of 1335595418?
2, 23, 41, 708163
List the prime factors of 126417994.
2, 63208997
List the prime factors of 1570810.
2, 5, 157081
List the prime factors of 920599.
283, 3253
What are the prime factors of 433919666?
2, 79, 2746327
What are the prime factors of 17742344?
2, 181, 12253
What are the prime factors of 630822111?
3, 17, 521, 23741
What are the prime factors of 6360619?
6360619
What are the prime factors of 3446156444?
2, 1307, 659173
What are the prime factors of 2457221785?
5, 2659, 184823
What are the prime factors of 88846296?
2, 3, 7, 11, 131, 367
What are the prime factors of 18263437?
173, 229, 461
What are the prime factors of 2565326625?
3, 5, 6840871
List the prime factors of 91034173.
67, 269, 5051
List the prime factors of 473264522.
2, 2539, 93199
List the prime factors of 1600187273.
1600187273
What are the prime factors of 6261475064?
2, 13, 41, 59, 24889
What are the prime factors of 109541714?
2, 54770857
What are the prime factors of 8892651438?
2, 3, 11, 233, 192757
List the prime factors of 1460830268.
2, 365207567
What are the prime factors of 228973246?
2, 1889, 60607
What are the prime factors of 73038061?
2797, 26113
What are the prime factors of 3834041?
151, 25391
What are the prime factors of 859644818?
2, 31, 61, 227299
List the prime factors of 22993161.
3, 1499, 5113
List the prime factors of 493616050.
2, 5, 9872321
What are the prime factors of 1692408269?
1692408269
List the prime factors of 1445233349.
7, 67, 1621, 1901
List the prime factors of 4508706848.
2, 269, 359, 1459
List the prime factors of 281555200.
2, 5, 29, 37, 41
What are the prime factors of 99052101?
3, 467, 23567
List the prime factors of 6617150649.
3, 17827, 41243
What are the prime factors of 184661232?
2, 3, 7, 549587
List the prime factors of 1733694321.
3, 577898107
List the prime factors of 315112118.
2, 701, 224759
What are the prime factors of 390284068?
2, 1093, 89269
List the prime factors of 1640356135.
5, 11, 1423, 20959
What are the prime factors of 5229090995?
5, 3061, 341659
What are the prime factors of 3961911025?
5, 158476441
List the prime factors of 38338352.
2, 13, 19, 89, 109
List the prime factors of 106963414.
2, 2131, 25097
What are the prime factors of 1932872687?
157, 619, 19889
List the prime factors of 116356568.
2, 17, 227, 3769
What are the prime factors of 188773327?
419, 450533
List the prime factors of 862844187.
3, 53, 5426693
List the prime factors of 183075871.
11, 1069, 15569
List the prime factors of 60170505.
3, 5, 29, 138323
What are the prime factors of 4621657629?
3, 14431, 106753
What are the prime factors of 151424965?
5, 19, 1593947
What are the prime factors of 166544431?
31, 5372401
What are the prime factors of 1119756413?
15859, 70607
List the prime factors of 182542643.
182542643
List the prime factors of 37153455.
3, 5, 19, 130363
List the prime factors of 123152926.
2, 13, 613, 7727
What are the prime factors of 2505010814?
2, 359, 727, 4799
What are the prime factors of 1610508017?
2237, 719941
List the prime factors of 66378525.
3, 5, 53, 16699
List the prime factors of 130622783.
6379, 20477
List the prime factors of 4452053443.
23, 109, 569, 3121
What are the prime factors of 3073919105?
5, 449, 1369229
What are the prime factors of 7179997173?
3, 2393332391
List the prime factors of 542677.
29, 18713
What are the prime factors of 272161935?
3, 5, 317, 19079
List the prime factors of 17948621.
17948621
What are the prime factors of 632619533?
7, 13, 73, 95231
What are the prime 